1/3*a**3 + 0 - 3*a**2. What is r(-5)?
-8
Let i(z) be the second derivative of z**4/12 - z**3/2 - 3*z**2 - 6*z. Calculate i(5).
4
Suppose -t + 6*t + 10*t = 0. Let r(h) be the second derivative of h**4/12 - h**3/6 + 5*h**2 + h. Calculate r(t).
10
Let a(p) = -6*p**3 + 1. Let h be a(1). Let u(v) = -v**2 - 2*v - 7. Give u(h).
-22
Let o = -39 - -34. Let m(u) be the third derivative of u**4/24 + u**3/2 + u**2. Give m(o).
-2
Let k be -6*(-8)/(-12) + 0. Let y(s) = -s**3 - 4*s**2 + 2*s - 4. Calculate y(k).
-12
Let v(j) = 8*j**2 + 9*j + 4. Let o(h) = -7*h**2 - 8*h - 3. Let u(a) = 6*o(a) + 5*v(a). Determine u(-3).
-7
Let j(x) = x**3 - 4*x**2 + 3*x - 3. Let t(z) = -z + 3. Let c be t(3). Suppose -i + 2*i - 12 = c. Suppose 0 = -a - 2*a + i. Give j(a).
9
Let b(r) be the third derivative of -r**6/120 + r**5/20 - r**4/24 - r**3/2 - r**2. Calculate b(3).
-6
Let m(n) = -2*n + 3. Let u(v) = 2*v - 4. Let l(h) = 6*m(h) + 5*u(h). Give l(-5).
8
Let f(a) = -6*a - 9. Let k be f(0). Let q(d) = d**2 + 7*d - 10. Determine q(k).
8
Let h(y) = -3*y + 4. Let l(m) = m**2 - 7*m + 9. Let x be l(6). What is h(x)?
-5
Suppose 2*i = 1 - 3. Let s(y) be the second derivative of -y**5/5 - y**4/12 + y**3/6 + y**2/2 - 2*y. Calculate s(i).
3
Suppose 0 = -5*c, 4*w + 7*c - 6*c - 24 = 0. Let u(v) = -v + 5. Calculate u(w).
-1
Let n(q) = -3*q**2 + 14. Let s(w) = w**2 - 5. Let b = 1 + 1. Let c be b*(39/6 + -1). Let h(z) = c*s(z) + 4*n(z). Give h(-1).
0
Let m(o) = 6*o**3 - o**2 - 8*o - 5. Let c(x) = 2*x**3 - 3*x - 2. Let y(r) = 11*c(r) - 4*m(r). Calculate y(2).
-4
Let k(b) = -5*b - 1. Let g(m) = 15*m + 3. Let q(o) = 2*g(o) + 7*k(o). Calculate q(1).
-6
Let d(x) = -9*x**2 + 1. Let f(b) = 9*b**2 - 1. Let h(j) = -4*d(j) - 3*f(j). Let t be -3*(-2)/(-5)*-10. Let r = -11 + t. Calculate h(r).
8
Let y(o) = -o**2 + 4*o - 2. Let c(l) = l - 1. Let f(v) = -3*v + 6. Let r(z) = 2*c(z) + f(z). Let t be r(3). Let u be (3 - t - 0) + 1. Determine y(u).
1
Let w(c) = -5*c + 3. Let k be w(2). Let f(i) = -i**3 - 7*i**2 + 3. Determine f(k).
3
Suppose 0 = -3*m - 5*k - 4 - 1, 4 = -5*m - 4*k. Let h(f) be the third derivative of 0 - 1/8*f**4 - f**2 + 1/6*f**3 + m*f. Determine h(3).
-8
Let f(q) = -4 + 5*q**2 - 3*q**2 + 2*q - 3*q**2. Let r = -729 - -732. Give f(r).
-7
Let v(x) = 2*x - 1. Let i be (-1 + 1)/(-1 - 0). Suppose 0 = -4*j + 5*l + 32, i*j + 13 = 3*j - l. Suppose -3*q = q + 3*d - 20, 0 = -5*q + j*d - 2. What is v(q)?
3
Suppose -14 + 44 = 5*i. Let p(l) = l - 1 - 8 + 2. Determine p(i).
-1
Let u(z) = -z + 4*z**2 - 4*z**3 + 1 + 5*z**3 - z. Let n(l) = -l**3 - l**2 + 13*l. Let b be n(-4). What is u(b)?
9
Let a be 1 - 6/15*15. Let d(o) be the first derivative of -o**2 - 7*o + 1. Determine d(a).
3
Let i(f) = -10 + 0*f + 13 + 2*f + f**3 - 2*f**3 - 4*f**2. Give i(-2).
-9
Let q(t) = 2*t**3 - 3*t**2 + 2*t - 1. Suppose 2*u - 5 - 5 = -2*m, 2*u + 2 = 2*m. Suppose 3 + 17 = 5*c + 2*p, -m*p = c - 17. What is q(c)?
7
Let w(x) = 5*x**2 - 1 - 6*x**2 + 4*x**2 - 2*x**2 - 3*x**3 + 2*x. Give w(2).
-17
Let a be 6/(-10) - 468/(-30). Suppose -2*h - a + 1 = 0. Let w(m) = m + 10. Determine w(h).
3
Let l(c) = 1 + 3 - 23*c + 24*c. Determine l(0).
4
Suppose -74 = 3*x - 2*z, -2*x - 56 = -z - 2*z. Let r = x + 17. Let p(w) = 2*w + 1. Give p(r).
-9
Let h(l) = -l - 5 - 9*l + 5*l**2 + 8*l + 0*l**3 + l**3. Determine h(-5).
5
Let k(r) be the third derivative of -r**4/8 + r**3/6 - r**2 - 1. Calculate k(-1).
4
Let m be ((-6)/4)/((-1)/2). Let c(l) = 2 + l + m - 3. Suppose 0*x + 5*x + 15 = 0. Give c(x).
-1
Suppose -5*x = -4*l + l - 16, -4*x - 5*l = 2. Suppose -4*p - 16 = 0, 0*t - x*t - 32 = 5*p. Let c(r) = r. Let n(v) = -1. Let y(h) = -c(h) + 4*n(h). What is y(t)?
2
Let y(a) = 3*a**2 + 5*a - 3. Let v(q) = -7*q**2 - 11*q + 6. Let x(i) = 2*v(i) + 5*y(i). Give x(-5).
7
Let i(m) = m**2 - 4*m - 25. Let o(s) = -2*s**2 + 7*s + 49. Let u(g) = -7*i(g) - 4*o(g). Determine u(0).
-21
Let g(b) = -b**3 - b**2 - 3*b - 2. Let f(a) = -7*a - 2. Let c be f(-2). Suppose c = 2*r + r. Let h be (-9)/r - 1/(-4). Calculate g(h).
8
Suppose -4*s - 2*b = -6*b - 12, s = 5*b + 11. Let g(x) = -7*x**2 + x - 1. Give g(s).
-7
Let k(a) = a**3 + 4*a**2 + a + 4. Suppose 10 = 3*p + 2*v, 4*p + 3*v - 14 = v. Suppose -p*m = m + 10. Let c be 6/m + -1 + 0. What is k(c)?
0
Suppose -3*k = 4*j - 13, 3*k - 2*j - 3*j = 4. Let c(q) = -2 + 0 + k*q + 3 + q. Determine c(2).
9
Suppose 2*m + 15 = 5*a + 7*m, 2*m - 24 = -5*a. Let d be (-1 - -4 - a) + 3. Let o(u) = u + 8. Determine o(d).
8
Let p(m) be the second derivative of -m**4/12 - 7*m**3/6 - 5*m**2/2 - 7*m. What is p(-5)?
5
Let u(g) = g. Let q(p) = 3*p + 0*p + 5*p + 22*p. Let n(c) = -q(c) + 25*u(c). Calculate n(1).
-5
Let v(f) = 2*f**3 + 4*f + 2. Let w(p) be the second derivative of p**5/20 + p**3/6 + p. Let k(g) = -v(g) + 3*w(g). Determine k(2).
4
Let t(k) = k**3 + 5*k**2 + 5*k - 4. Suppose -u = 4, 8 = -5*o + 4*u - u. Determine t(o).
-8
Suppose -4*z + 4*v - 8 = 0, -3*v + 19 = z + 1. Suppose -z*c + 24 = c. Let k(p) = 2*p - 2. Give k(c).
10
Let h = 3 + -2. Let v be (1 - 1) + (h - 1). Suppose 2*j - 8 - 2 = v. Let a(t) = -t**3 + 5*t**2 + t - 5. Calculate a(j).
0
Suppose 9 - 15 = -3*u. Suppose f - u = -f. Let g(a) = -4*a**2 - a + 1. Calculate g(f).
-4
Let o(l) = -6 + 1 + 4*l**2 - l**2 + 2*l. Let i(g) = 3*g**2 + 2*g - 4. Let q(t) = -3*i(t) + 2*o(t). What is q(-2)?
-6
Let y(h) = -13*h**3 + h**2 - 13*h + 17. Let s(a) = 7*a**3 - a**2 + 7*a - 9. Let x(o) = -11*s(o) - 6*y(o). Give x(-5).
-8
Let h(k) = -2*k + 1. Let y = 5 - 5. Suppose 2 = -y*w - w. What is h(w)?
5
Let i(o) be the third derivative of -o**5/60 - o**4/4 + 3*o**3/2 - 5*o**2. Let t be (-16 - -15)*(6 + 1). Determine i(t).
2
Let k(p) = p - 2 + 1 + 0*p. Suppose -2 = r + 2. Let i be (-1 - (-1 + -1))*r. Determine k(i).
-5
Let u(z) = -z**3 + 5*z**2 + 3*z - 7. Let s(r) = -r**3 - 2*r**2 - r. Let q be s(-1). Suppose q = 5*d - 4*g - 77, -d + 3 = 2*g - 4. Let w = d - 8. Calculate u(w).
8
Suppose -3*t + 4*t - 2*f - 7 = 0, -5*f - 16 = -2*t. Let s(a) = -t + 2*a + a + 0*a - 6*a. Determine s(-2).
3
Let l = -90 + 89. Let k(m) = 5*m**3 + 2*m**2 - 1. What is k(l)?
-4
Let v(o) be the third derivative of o**4/24 - 7*o**3/6 - 4*o**2. Give v(4).
-3
Let g(p) = p - 3. Let a be (-1 + 2)*(-1 - -1). Let b = -4 + 4. Suppose b = -a*s - s + 5. Determine g(s).
2
Let a(j) = j + 10. Let g(u) = -2*u**2 + 8*u - 5. Let r be g(4). What is a(r)?
5
Suppose 0 = -i - 5, 3 = -t + i + 10. Let z be 15/6*24/15. Let j(l) = -2*l + z*l + t - 5*l. Calculate j(2).
-4
Let f(s) = -12*s**3 - 4*s**2 + 2*s + 2. Let m(t) = -11*t**3 - 5*t**2 + 3*t + 3. Let j(p) = 4*f(p) - 3*m(p). Give j(-1).
14
Let r(v) = v**2 - 7*v - 2. Let g(l) = -2*l**2 + 13*l + 3. Let w(j) = -3*g(j) - 5*r(j). Let a be w(4). Let b(y) = 11*y - 1. Give b(a).
10
Let a = -4 + 0. Let u(f) = -f**3 - 4*f**2 - 5*f - 5. Let k be u(a). Suppose 2*w - k = -w. Let h(p) = -2*p + 7. What is h(w)?
-3
Let h(v) be the first derivative of v**3/3 + v**2/2 + 2*v - 2. What is h(-3)?
8
Let i(k) = k**2 - 5*k + 2. Let z be (-8)/36 - 4/(-18). Suppose z = q - 4*q + 15. Give i(q).
2
Let z(x) = x + 1. Let q be 2/4 + (-10)/(-4). Calculate z(q).
4
Let c = 3 - 3. Let y be (-3 - c)*(-5)/(-15). Let p(z) = -7*z - 1. Let q(k) = k. Let r(m) = y*p(m) - 4*q(m). Determine r(2).
7
Let d be 3/((-6)/(-4)) - 1. Let p(m) = 0 + m - d + m - 5*m. Let h = -2 + 0. What is p(h)?
5
Let o(f) = f**3 - 3*f**2 - 4*f - 5. Let z = -15 - -19. Calculate o(z).
-5
Let r(g) = -g**2 - 2. Suppose -2*f + 1 - 7 = 0. Let i be (9 - f)*(-2)/(-4). Let a = 3 - i. Determine r(a).
-11
Let o = -14 - -8. Let j(c) = c. Let w(k) = 5*k + 5. Let q(g) = o*j(g) + w(g). Determine q(4).
1
Let d(v) = -v**3 - 3*v**2 + 8*v + 4. Let r be d(-5). Suppose -5*o + 0*h = 5*h + 10, -o - 4*h = r. Let t(k) = 4 + 3*k - 2*k**o - 1 + 3*k**2. Determine t(-3).
3
Let h(s) = -3*s + 1. Let x = -5 + 9. Let w = x - 2. Give h(w).
-5
Let w(h) = h**3 + 5*h**2 + 5*h - 2. Let k be (-476)/(-49) + 4/14. Suppose -2*y = -2 + k. Determine w(y).
-6
Let z(v) = -2*v + 6. Let u be (-57)/(-12) - (-6)/24. What is z(u)?
-4
Let w(s) = -22 + 8*s + 26 + 0*s**2 + s**2. Give w(-6).
-8
Let x(f) = f**2 + f. Let q(m) = 4*m**2 + 4*m + 2. Let s = -3 + 1. Let z be 2 + 0 + 2/s. Let o(i) = z*q(i) - 3*x(i). Calculate o(0).
2
Let k(t) = 8*t. Suppose 0 = 3*b + 2*x - 18, 2*b - 2*x + 2 = 3*b. Let m = 5 - 2. Suppose -5*i + m*i = -2*y